*2 + 19036*b - 19038. What is k(1)?
-4
Let w(q) = -217*q**2 + 1737*q + 4. Calculate w(8).
12
Let f(t) = -837*t + 101892. Calculate f(122).
-222
Let p(r) = 647*r**2 - 168*r - 165. Determine p(-1).
650
Let b(p) = -3*p**2 + 34*p + 2822. Calculate b(-26).
-90
Let z(u) = 35*u**3 - 96*u**2 - 195*u - 15. Calculate z(-2).
-289
Let l(r) = -689*r + 201925. Give l(293).
48
Let k(x) = -1859*x - 8682. Calculate k(-5).
613
Let w(q) = -q**2 - 6409*q + 173826. Give w(27).
54
Let d(n) = 60*n**2 - 9933*n + 5460. Determine d(165).
15
Let f(p) = 419*p**2 - 18053*p + 19114. Calculate f(42).
4
Let i(v) = -1628*v + 31401. What is i(20)?
-1159
Let s(n) = 12*n**2 - 35*n - 158. Give s(11).
909
Let v(p) = -p**2 - 27*p + 1065. What is v(-49)?
-13
Let q(m) = -13387*m - 682822. Give q(-51).
-85
Let p(i) = -2*i**3 + 136*i**2 + 5*i - 571. What is p(68)?
-231
Let a(n) = -7521*n**2 - 797227*n - 101. What is a(-106)?
5
Let c(b) = -27*b**2 - 480*b - 773. Calculate c(-2).
79
Let n(o) = -3816*o + 3816. Calculate n(1).
0
Let i(g) = 3*g**3 - 14*g**2 + 9*g - 27. What is i(8)?
685
Let b(k) = 4*k**2 + 20*k - 1516. Calculate b(-22).
-20
Let i(u) = u**3 + u**2 - 573*u - 64. Give i(24).
584
Let w(b) = -3*b**3 + 56*b**2 - 6*b - 110. What is w(15)?
2275
Let h(r) = -6036*r - 210357. Calculate h(-35).
903
Let y(t) = 415*t**2 - 38102*t + 38102. What is y(1)?
415
Let l(t) = t**3 - 168*t**2 + 6652*t + 306. Determine l(104).
-110
Let b(o) = 488*o + 122145. Give b(-251).
-343
Let m(a) = 32813*a - 1607841. What is m(49)?
-4
Let n(m) = -30*m**2 - 2965*m + 43510. Determine n(13).
-105
Let q(n) = -n**3 + 8*n**2 - 138*n + 919. What is q(7)?
2
Let f(s) = 37068*s + 37075. Determine f(-1).
7
Let g(s) = s**3 - 136*s**2 - 237*s + 76. Calculate g(-2).
-2
Let f(m) = -67*m + 508. Give f(3).
307
Let d(h) = 129*h + 14933. Calculate d(-145).
-3772
Let u(t) = 2*t**2 + 341188*t - 3070862. Determine u(9).
-8
Let a(s) = -64*s**2 + 914*s + 680. Give a(15).
-10
Let r(i) = -i**3 + 69*i**2 + 38*i + 1705. Determine r(70).
-535
Let f(u) = -676*u + 254134. Determine f(376).
-42
Let i(j) = 4*j**2 - 1097*j - 33857. Determine i(-28).
-5
Let q(m) = -8764*m - 964062. Calculate q(-110).
-22
Let k(t) = 10*t**2 + 220*t + 714. What is k(-20)?
314
Let n(k) = -33707*k + 876387. What is n(26)?
5
Let q(k) = -k**3 + 68*k**2 - 4489. What is q(67)?
0
Let g(a) = -182187*a + 13299645. Determine g(73).
-6
Let b(l) = -l**3 - 48*l**2 + 1447*l + 67445. Determine b(-50).
95
Let h(l) = -l**3 + 139*l**2 + 34163*l + 3468. Determine h(267).
-3
Let s(c) = -47*c**2 + 11494*c - 11494. Determine s(1).
-47
Let l(q) = 7*q**3 + 338*q**2 + 79*q - 828. Give l(-48).
-12
Let s(k) = 141*k**2 - 43713*k + 929. Calculate s(310).
-1
Let y(p) = -p**3 + 66*p**2 - 916*p + 2965. What is y(13)?
14
Let g(i) = -3*i**2 + 715*i + 2793. Determine g(-4).
-115
Let x(g) = 466*g - 506. What is x(4)?
1358
Let j(h) = 6*h**3 + 6*h**2 - 25*h - 46. Determine j(4).
334
Let h(l) = -2*l**3 - 3*l**2 - 74*l - 101. Give h(0).
-101
Let c(h) = 3603*h + 201377. Determine c(-56).
-391
Let n(z) = 3956*z + 122632. Calculate n(-31).
-4
Let p(s) = -6*s**2 + 47*s + 542. Calculate p(-6).
44
Let p(v) = -v**2 - 70*v - 335. Give p(-60).
265
Let h(v) = -3135*v - 62687. What is h(-20)?
13
Let g(j) = -195*j**2 - 1189*j - 1823. Determine g(-3).
-11
Let h(o) = 4*o**2 + 147*o + 859. Calculate h(-35).
614
Let o(l) = -24346*l + 1825976. What is o(75)?
26
Let y(w) = 748*w - 50681. What is y(68)?
183
Let f(a) = -12*a**3 - 282*a**2 + 272*a + 12. What is f(1)?
-10
Let j(l) = l**3 + 92*l**2 - 1714*l + 1529. Calculate j(-108).
17
Let x(a) = -18*a + 4102. Give x(34).
3490
Let c(y) = -121*y - 46561. Calculate c(-386).
145
Let t(y) = -1273*y**3 + 17819*y**2 + 44*y - 65. Calculate t(14).
-37
Let m(x) = x**2 - 232*x + 13205. Calculate m(132).
5
Let m(r) = 2*r**3 - 57*r**2 + 215*r - 41. What is m(23)?
-915
Let x(f) = 218*f**2 + 27458*f - 1401. Give x(-126).
-141
Let b(j) = -2*j**2 - 7370*j - 153890. Calculate b(-21).
-2
Let c(r) = 309*r**2 - 32426*r - 1998. Give c(105).
-3
Let y(g) = 3*g**2 - 406*g - 6023. Calculate y(-14).
249
Let j(i) = -i**3 - 25*i**2 + 14*i + 1216. Determine j(-23).
-164
Let h(w) = -47*w**2 - 77*w - 9. Determine h(-2).
-43
Let h(i) = i**2 + 373*i - 19831. Determine h(47).
-91
Let l(q) = -2350*q + 133939. What is l(57)?
-11
Let f(c) = -c**2 - 494*c + 113634. What is f(171)?
-81
Let c(o) = o**3 - 315*o**2 + 3631*o + 2865. Give c(303).
1350
Let h(w) = w**3 + 286*w**2 + 1112*w - 4519. Give h(-282).
-7
Let b(j) = 596*j - 141191. What is b(237)?
61
Let u(d) = d**3 - 40*d**2 + 303*d + 1307. What is u(27)?
11
Let w(k) = -28*k**2 - 519*k - 2370. Calculate w(-10).
20
Let j(h) = -90057*h - 4592907. What is j(-51)?
0
Let o(h) = 1673*h + 2912. Calculate o(-2).
-434
Let t(k) = -3*k**3 + 329*k**2 - 220*k + 204. Determine t(109).
-14
Let q(z) = -1786*z**2 + 62501*z + 322. Calculate q(35).
7
Let l(s) = s**2 + 10663*s + 234083. Give l(-22).
-19
Let a(w) = -108431*w - 2168614. Calculate a(-20).
6
Let h(a) = -25*a**3 + 93*a**2 - 31*a + 5. Give h(4).
-231
Let p(d) = d**2 - 917*d + 209796. Give p(475).
-154
Let u(z) = 98*z**2 + 491*z - 1365. Calculate u(-7).
0
Let a(k) = k**2 + 3373*k + 37220. What is a(-11)?
238
Let u(s) = 27945*s - 26534. Give u(1).
1411
Let d(k) = 27*k**3 - 7*k**2 - 66*k - 140. Determine d(-3).
-734
Let c(y) = 2*y**3 - 9*y**2 + 870*y - 6321. Give c(7).
14
Let x(v) = 38541*v + 3237414. Give x(-84).
-30
Let x(a) = 8041*a + 667368. Give x(-83).
-35
Let x(g) = -1381*g - 5254. Calculate x(-4).
270
Let v(o) = -32224*o - 36477574. What is v(-1132)?
-6
Let b(h) = -5*h**2 + 1940*h - 15310. Calculate b(8).
-110
Let y(q) = 5900*q - 47213. Give y(8).
-13
Let g(z) = z**3 - 303*z**2 + 1995*z + 539. Calculate g(7).
0
Let l(v) = -v**3 - 13540*v**2 - 459212*v - 303. Give l(-34).
-31
Let u(f) = -24144*f + 772605. Determine u(32).
-3
Let u(x) = -2*x**3 - 13*x**2 - 17*x + 1. What is u(-5)?
11
Let o(n) = -1456*n - 36045. Calculate o(-21).
-5469
Let h(u) = -4*u**2 + 703*u - 13011. Calculate h(21).
-12
Let q(i) = 127*i**2 + 4323*i + 718. Determine q(-34).
548
Let t(h) = -h**2 + 2747*h + 52532. Calculate t(-19).
-22
Let r(y) = y**3 - 513*y**2 + 902*y - 1535492. Give r(517).
-2
Let m(u) = -5*u**2 - 124*u + 193. Calculate m(-31).
-768
Let a(y) = 12918*y - 426286. Calculate a(33).
8
Let w(r) = 3*r**2 - 295*r - 15423. What is w(-38)?
119
Let h(v) = v**2 + 2827*v - 12. Calculate h(0).
-12
Let u(t) = 2198*t - 167048. What is u(76)?
0
Let d(n) = n**2 + 593*n + 32921. What is d(-531)?
-1
Let g(v) = -518*v - 1189. What is g(-2)?
-153
Let r(n) = -n**3 + 58*n**2 - 536*n - 8. Determine r(12).
184
Let q(v) = -v**3 - 19*v**2 + 1216*v + 23090. What is q(-19)?
-14
Let l(x) = -2*x**3 - 24*x**2 - 212*x - 3084. Give l(-13).
10
Let k(t) = 2*t**2 + 261*t + 2418. Calculate k(-11).
-211
Let t(l) = 4*l**2 + 490*l - 25176. Determine t(-161).
-382
Let j(f) = -2*f**3 - 15*f**2 + 99*f + 700. Determine j(-9).
52
Let t(v) = -3714*v + 40814. Give t(11).
-40
Let k(h) = h**3 - 42*h**2 - 175*h + 695. What is k(46)?
1109
Let o(f) = 224*f**2 - 1. What is o(2)?
895
Let y(v) = -1907*v**2 - 22879*v + 53. Determine y(-12).
-7
Let s(y) = -y**3 + 29*y**2 - 122*y + 11. Calculate s(24).
-37
Let t(a) = -14*a**2 - 502*a + 94. Calculate t(-37).
-498
Let o(f) = -2*f**2 - 421*f + 5245. Give o(-220).
1065
Let y(i) = 10686*i + 621. What is y(0)?
621
Let f(k) = -6*k**2 + 427*k - 1769. Calculate f(4).
-157
Let w(q) = -12728*q + 101350. Calculate w(8).
-474
Let a(x) = 1078*x**2 + 5*x + 100. Give a(-2).
4402
Let k(s) = -82*s - 4528. What is k(-68)?
1048
Let g(p) = -p**3 - 72*p**2 + 196*p + 8984. Calculate g(-73).
5
Let s(g) = 20732*g - 663431. Calculate s(32).
-7
Let k(c) = 404*c - 339. Calculate k(-3).
-1551
Let m(h) = 607*h + 7246. Calculate m(-12).
-38
Let k(f) = -664*f - 110102. What is k(-166)?
122
Let i(k) = -33255*k - 498787. What is i(-15)?
38
Let d(c) = 1341*c - 335201. Determine d(250).
49
Let w(g) = -4*g**3 + 49*g**2 - 89*g - 33. Determine w(10).
-23
Let y(v) = -13*v**3 + 6*v**2 - 591*v - 1201. Determine y(-2).
109
Let u(j) = -j**3 - 176*j**2 - 3856*j + 6593. What is u(-150)?
-7
Let d(b) = 2*b**2 + 269*b + 1919. Determine d(-118).
-1975
Let l(i) = -i**3 - 24*i**2 + 2131*i - 13946. Calculate l(-62).
4
Let p(k) = 4*k**3 - 107*k**2 + 126*k - 1290. What is p(26)?
-42
Le